*c(u) + 7*m(u). Let b be o(-4). Is ((-758)/6)/(b/(-30)) composite?
False
Suppose w - 25 = -4*q, w = -2*q - w + 14. Let x(d) = d**2 - 6*d + 2. Let p be x(q). Suppose -f - 2*f + 20 = 5*v, -p*f = -2*v - 24. Is f a composite number?
True
Let g be (-2)/(-10) + (-39890)/(-50). Suppose 3*w = -5*y + 4*y + 1163, 2*w - 5*y = g. Is w a composite number?
False
Let u(f) = -f**2 + 7*f + 818. Is u(0) prime?
False
Let g = 169335 - 101900. Is g a prime number?
False
Let f be (-28)/(-7) - 12/(-3). Is 7/(6/(-5156)*f/(-12)) composite?
True
Suppose 2*a + 27183 = u, -4*u - 62*a = -60*a - 108712. Is u a composite number?
False
Suppose 3*v = 15 - 3. Let z = -40 - -40. Suppose z*j - v*j = -4*u + 296, 3*u - 225 = 2*j. Is u a prime number?
False
Suppose -54234 - 80428 = -22*f. Is f composite?
False
Let q be 111/2 + 1/(-2). Let v be (-4 + 6)*q/2. Suppose j - v = -4*j. Is j a composite number?
False
Let q(b) = -64*b + 9. Let h be 13/4 - (-3)/(-12). Let z = -5 - h. Is q(z) prime?
True
Let f(o) = -o**3 + 3*o**2 + 5*o + 19. Let u(s) = -2*s + 30. Let g be u(19). Is f(g) composite?
False
Let p(d) = d**3 + 7*d**2 + 3. Let g be p(-7). Suppose -4 = 2*o, -1615 = -g*y - 5*o + o. Is y a prime number?
True
Suppose 35 = 4*m - 73. Let v = 42 - m. Is (-20)/v*(-87)/2 a prime number?
False
Is 19/(6 + (-2219)/371) a prime number?
False
Let q = -71438 + 239149. Is q a prime number?
True
Let h(x) = 673*x + 2. Let k be (17 + -14)*2/3. Let s be h(k). Suppose -5*r + r + s = 0. Is r a composite number?
False
Suppose -5*t - 195867 = -4*o, -5*o + 112082 = t - 132788. Is o prime?
True
Let j = 2992 + -2025. Is j prime?
True
Suppose 0 = 79*j - 123*j + 360008. Is j composite?
True
Let z(c) = 772*c**2 - 10*c - 10. Is z(-2) composite?
True
Suppose -4*y - 594 - 1774 = 0. Let x = y - -863. Is x composite?
False
Suppose 59*b - 20*b = 1690299. Is b prime?
False
Let u = -3218 - -16207. Is u a composite number?
True
Let r(l) = 502*l - 39. Let i be r(8). Let j = i - -128. Is j a prime number?
False
Let f(z) = 5*z**2 - 6*z - 6. Let g be f(5). Suppose 4*q - 846 = 7*c - 2*c, 5*c = 10. Suppose 5*m = -r + g, 2*r + 0*r = -m + q. Is r a composite number?
False
Let v be (21 - 2) + -2 + -1. Let a(z) = -2 - 22*z + v*z - 2. Is a(-3) a prime number?
False
Let x(q) be the first derivative of 7*q**2/2 - 31*q - 22. Is x(14) prime?
True
Let t be 2 + -6 - (47 - 0)*-12. Let q = 834 - t. Is q prime?
False
Suppose v - 1332 = -399. Suppose -3*u + 4*u - 474 = -t, 2*u - 3*t - v = 0. Is u composite?
True
Suppose 3*q = 7*q - 12. Suppose -5*x - 50 = -5*l - 195, 2*l + 33 = x. Suppose 5*s - 55 = -5*w, 0 = -q*s - 7*w + 2*w + x. Is s composite?
True
Suppose -3*s = 12, 3*s + s = -y + 7100. Suppose -r + y = 5*r. Is r a prime number?
False
Let g = -1465 + 2564. Let k = g + -654. Is k a prime number?
False
Suppose 0 = -f - f - 3*m + 2366, -f = 2*m - 1182. Let w = f + -791. Suppose -58 = p - w. Is p a prime number?
True
Let i be (2093/2)/((-4)/8 - -1). Suppose -i - 1344 = -7*q. Is q composite?
False
Suppose -3*v = c + 7, 5*c + v - 16 = c. Suppose c*a = a + 804. Is a a composite number?
True
Let f(p) = -2*p**2 + 36*p + 14. Let w be f(23). Let q = w - -507. Is q a prime number?
False
Let t = -85448 - -126459. Is t a prime number?
True
Let b(g) = -17*g**2 - 17*g + 14. Let w be b(12). Let h be w/(1 + 9/(-3)). Suppose -5*f + 3*v = -h, 4 = v + 2. Is f a composite number?
True
Let q = 326 + -111. Is q prime?
False
Let i(d) = 9*d**2 + 16*d + 3. Let t(o) = -o + 8*o**2 + 14*o + 6 - 4 + 2*o. Let h(v) = -6*i(v) + 7*t(v). Is h(-7) a composite number?
False
Suppose 3*o - 17 = -4*w, 0 = -2*o - 2 - 0. Suppose 0 = -w*g + 2*t, -4*g - 2 = -2*t - 0*t. Suppose -a = -g*j - 147 - 98, 5*j + 1240 = 5*a. Is a prime?
True
Suppose 3*z - 2*b = 0, 2*b - 3 = -2*z + 7. Suppose 0 = 2*f + z*f. Let v(m) = -m**2 - m + 65. Is v(f) composite?
True
Is ((-105)/25 - -4)/((-3)/89715) composite?
False
Suppose 3483 = -4*q - 2*h - 3*h, 0 = 3*q + 3*h + 2610. Let s = -470 - q. Is s composite?
False
Suppose -4*d + 238 = 2*q, q - d - 51 = 71. Suppose -3*o + j = -59, -4*j = o + 4*o - q. Is o a composite number?
True
Suppose 613 = 5*m - 392. Is m prime?
False
Let u = 1903 + -444. Is u prime?
True
Suppose 0 = 5*v - 30 + 10. Suppose -l = -4*z - 3519, -3*z - 17510 = -9*l + v*l. Is l a prime number?
True
Suppose 6*m - 22 = 2*m - 5*i, 2*i - 13 = -3*m. Suppose m*a - 65 = -x, -3*x - 3*a + 7*a = -234. Is x a prime number?
False
Let d(t) = -t**2 + 20*t - 26. Let o be d(18). Let u(w) be the third derivative of 25*w**4/24 + w**3/2 - 2*w**2. Is u(o) composite?
True
Let j = -2032 - -3858. Suppose 5*d - j = -4*m - 0*m, 5*m - 4*d = 2262. Is m composite?
True
Let i = 121 + -120. Suppose -r - 2*r + 5881 = 2*b, 0 = r - i. Is b composite?
False
Suppose -3*f - 3 + 9 = 0. Suppose 4*c + 2*z = -2*z + 4644, -f*c - 4*z + 2330 = 0. Is c prime?
False
Let p = -22741 + 114906. Is p composite?
True
Let b = 159 - 62. Is b composite?
False
Let o(m) = -35*m + 8. Let w(f) = -4*f - 2. Let n be w(-6). Let h = -29 + n. Is o(h) prime?
False
Let h = -50 - -139. Is h a prime number?
True
Suppose -9 = -3*h + 3*v, -11 = -4*h + v - 2. Let t(j) = -j + 8. Let i be t(6). Suppose 55 - 20 = m + 4*w, -30 = -h*m + i*w. Is m composite?
False
Let a(u) = -6*u + 2. Let b be a(6). Let w be b/10 + 12/(-20). Is 3 + w + -2 - -910 a composite number?
False
Let s be 12/(-30) + (-44)/(-10). Let f be 17/(-3) - s/(-6). Is 3 + f - 330/(-2) a prime number?
True
Let d(m) = -m**3 + 9*m**2 + 2*m - 7. Let o be d(6). Suppose x - o = -f, -5*f + 113 = 5*x - 4*x. Is x a prime number?
True
Is (-5 - 1 - -839) + -4 composite?
False
Let g be (-16)/(-24) + (-1538)/(-6). Let d = g + -70. Is d a composite number?
True
Suppose 23*d - 26*d = -18. Is 20 + d/2 - 2 a composite number?
True
Suppose -4*n + 7*n - 18 = 0. Is n/10 + (29040/25)/4 prime?
False
Suppose -3*a + 2*w = -44269, -3*w + 13806 = a - 954. Is a composite?
True
Let s = 64 + -50. Is (-499)/(6/(-8)*s/21) a prime number?
False
Let u(i) = i**3 + 5*i**2 - i + 5. Let b be u(-6). Let p = -20 - b. Suppose -4*q - 1082 = -p*y, 2*q - 4*q = -2*y + 434. Is y prime?
False
Let y(g) = -280*g - 61. Is y(-17) a composite number?
True
Suppose 6*d + 4*d = 59030. Is d a prime number?
True
Suppose 0 = -4*u + 16, 4*l - 4 = -u + 12. Suppose -b + 9 = 2*b, -3*g + l = -3*b. Suppose g*r - 3593 = -3*i, 1801 = 2*r - 2*i - i. Is r a composite number?
True
Is 1764/14 - 1*-1 a prime number?
True
Suppose 4*r + 45 = 3*r. Let l be ((-30)/r)/(2/(-1119)). Let a = l - -762. Is a a composite number?
False
Let p be 1 + 3 + (-1 - -1). Suppose p*n - 3*q - 392 = 1140, 0 = -3*n + 5*q + 1149. Suppose 0*t = t - n. Is t prime?
True
Suppose -41*a = -9*a - 408352. Is a a prime number?
False
Let a be 148/(-12) - (-2)/6. Let n be (-129)/a + 6/(-8). Let v(g) = g**2 + 4*g + 9. Is v(n) composite?
False
Let t(r) = r**2 - 2*r + 6. Let p be t(5). Is (-2)/(-7) - (-10683)/p composite?
False
Let l be 0 - (-11 - -3)/4. Is 3032/(8/l) - (-9)/(-3) composite?
True
Let s(v) = 680*v**2 - 7*v - 1. Let u be s(3). Suppose -2*x + 5570 = 5*r, -3*r - u = -4*x + 5042. Is x a composite number?
True
Suppose 5057 - 541 = -4*i. Let r = i - -1598. Is r composite?
True
Suppose r + m + 5 = 0, 0 = 4*r + 2*m + 3*m + 16. Let u(g) = g**2 + 10*g + 9. Let d be u(r). Is 84/24*(d - -10) a prime number?
False
Let k = 1 - -5. Suppose 3*b = k*b - 9. Suppose b*x + 2*x = 2605. Is x prime?
True
Let q be 3/((42/4)/(-7)). Let w be (q + 11)*6/18. Suppose 3*b - 20 - 73 = -w*k, -155 = -5*b - 3*k. Is b a prime number?
True
Let z be 1 + 6/(18/15). Suppose -p - 4 = -z. Suppose -p*t = -t + s - 535, 1605 = 3*t + 2*s. Is t prime?
False
Suppose -4*p - 3288 = -0*p. Let h = -259 - 894. Let d = p - h. Is d a composite number?
False
Let z(l) = 1571*l + 4. Let o(b) = 2356*b + 6. Let c(m) = 5*o(m) - 7*z(m). Suppose 5*w = -3*h - 5 + 4, -h - 5 = -3*w. Is c(w) a prime number?
False
Suppose 0 = j - 2*j - 150. Let d = 1026 + j. Suppose -3*z = -q - 368 - d, 0 = -z - 4*q + 393. Is z a prime number?
False
Let w(i) = 190*i - 151. Is w(8) a composite number?
True
Let z(k) = -k - 9. Let d be z(-12). Suppose d*f = -0*f - 462. Let q = f - -283. Is q composite?
True
Let y = 42 - 22. Suppose 2*d - 4*d = -y. Let n(l) = 2*l**2 - 15*l + 3. Is n(d) prime?
True
Suppose 9*c = 3853 + 5876. Is c composite?
True
Let l be -1 - -5 - (-5 + 5). Su